-21) + y/14. Let x be (-628)/(-26) + m/(-26). What is the highest common factor of x and 6?
6
Suppose -10*k - 119*k - 4582 = -16966. Let v be -5*6*4/(-10). Calculate the greatest common divisor of k and v.
12
Let r = -4 + 0. Let l = r + 4. Let h(o) = o + 7. Let m be h(l). Calculate the greatest common divisor of m and 28.
7
Let a be (-150)/(-9) + (-12)/(-9). What is the highest common factor of a and 414?
18
Suppose 25 = -5*k + 160. Let j be (-3 + -5)/((-4)/12). Let b be 5 + j/(-10) + (-16)/(-40). What is the highest common divisor of k and b?
3
Let j be 0 + (1 - (0 + -37)). Suppose 2*s = 4*s + 26. Let x = 6 - s. Calculate the greatest common divisor of j and x.
19
Let c be ((64/12)/(-1))/((-4)/12). What is the highest common factor of 3152 and c?
16
Let w be -1*((-6 - -1) + -55). Let i = 52 - 32. What is the highest common divisor of w and i?
20
Suppose 0 = -5*o - 5*f + 30, 5*o + 4*f - 26 = f. What is the greatest common divisor of o and 74?
2
Suppose 0 = -3*h + 3, -2*z + 0*z + 18 = 2*h. Let o = 19 - z. Calculate the greatest common factor of o and 88.
11
Let j be (134/1139)/((-1)/(-17)). What is the greatest common divisor of j and 5?
1
Let h = -23 + 50. Suppose -5*v + 4*n + 168 = 0, 1 + 11 = 4*n. Suppose 0 = u + u - v. What is the greatest common divisor of h and u?
9
Let p = -401 - -599. What is the highest common factor of p and 18?
18
Suppose -3 = -x + 41. Suppose 0 = -j + 4*j - 12. What is the highest common divisor of j and x?
4
Let j = 203 + -122. Let l = j + 39. Calculate the greatest common factor of l and 40.
40
Let y be (26 - -2)*3/6. Suppose 21*q - 77 = y*q. Let g(d) = 29*d**2 - 2*d + 1. Let t be g(-2). What is the greatest common divisor of t and q?
11
Let u be ((-27)/33)/((-13)/143). Calculate the highest common divisor of u and 63.
9
Let i(z) = 28*z - 51. Let x be i(3). Calculate the greatest common factor of 990 and x.
33
Suppose -2*x + 13 = 2*x - 3*s, -11 = -4*x + 5*s. Suppose -245 = -3*f + x*d, -7*f + 4*d + 395 = -2*f. Calculate the highest common divisor of f and 25.
25
Let g be (-11 - -12)/((-2)/(-10)). Suppose 517 = 4*l + g*t, 2*l + 4*t - 132 = l. Calculate the highest common factor of 16 and l.
16
Let f = -45 + 46. Let q be 30 - (-2 - (f - 6)). Calculate the greatest common divisor of 3 and q.
3
Let a(z) = -1 - 2*z - 1 + 0 - 3. Let d be a(-6). Let r be ((-900)/(-105))/(1/d). What is the greatest common divisor of r and 24?
12
Let s be 4 - 2762/(-12) - 2/12. Calculate the greatest common divisor of 104 and s.
26
Let i be (32 - 16) + 0 + -1. Calculate the highest common factor of 465 and i.
15
Let s = -63 - -65. Let f be (14 - 6)*(s - -8). Calculate the highest common divisor of 10 and f.
10
Let v be (10 + -1)*3/9. Suppose -2*z + 148 = 5*k - 92, 3*k - 144 = -v*z. Calculate the highest common factor of k and 12.
12
Let z(v) = -11*v - 4. Let h be z(-5). Calculate the highest common divisor of h and 51.
51
Suppose u = 0, -7*u + 9*u - 308 = -2*d. What is the highest common divisor of 55 and d?
11
Let f(x) = -x**2 - 11*x - 29. Let i be f(-6). Calculate the greatest common divisor of 149 and i.
1
Let t(k) = 16*k**2 + 6*k - 6. Let g be t(3). Calculate the highest common divisor of g and 182.
26
Suppose 907 = 6*i - 1319. What is the highest common factor of i and 53?
53
Let m = -10 + 24. Suppose -3*d - 88 = -m*d. What is the highest common factor of d and 32?
8
Suppose u + 2*h = 304, 0 = 3*u + 5*h - 516 - 398. Calculate the greatest common factor of u and 66.
22
Let o(w) = -w**2 + 7*w + 10. Let u be o(8). Suppose u*l = 3*l. Suppose -q = -2*g + 46, -3*g - 4*q - q + 43 = l. What is the greatest common divisor of g and 7?
7
Suppose 5*v - 100 = 3*v. Suppose 9 = 5*t + m + 2, m + 13 = 5*t. Suppose 6 = t*n - 14. Calculate the highest common divisor of n and v.
10
Suppose -4*l = n - 10, -2*n + 10 = -4*l + 14. What is the greatest common factor of l and 148?
2
Let f = 51 + -45. Let g = f + 15. What is the greatest common factor of g and 14?
7
Let g be (24 - 3) + (-8)/(-4) + 2. Calculate the greatest common factor of g and 40.
5
Suppose -21*n = 2*j - 17*n - 110, -3*j + n = -151. What is the highest common divisor of j and 68?
17
Let u(p) = p**3 + 2*p**2 - 5*p - 1. Let q be u(-3). Suppose -q*g + 3*y + 32 = -1, 0 = -4*g - 5*y + 56. Calculate the highest common divisor of g and 63.
9
Let m be 66/8 - 1/4. Let x be ((-9)/12)/((-1)/m). Suppose 0 = -2*f + 5*p + 322 - 223, -3*f - p = -123. What is the greatest common factor of x and f?
6
Suppose -4 = 5*y - 84. Let s(f) = f + 35. Let i be s(y). Calculate the greatest common factor of 119 and i.
17
Let r = 606 - 352. Let x be (r/12*2 - -3)*3. What is the greatest common factor of x and 17?
17
Suppose -690 = -6*r - 234. Let z be (15/10)/(6/r). Calculate the greatest common divisor of z and 209.
19
Suppose 0 = j - 23 - 13. Suppose 4*b - j = -0*b. Let o be 38/4 + (-3)/6. Calculate the highest common factor of b and o.
9
Let g = -10 - -14. Let t be 12/g - (1 + -19 + -3). What is the greatest common factor of 264 and t?
24
Suppose 2*v - 7*v = 3*f - 34, 4*v = 20. Suppose 0 = f*b - 4*b + 11. Let z(j) = -j**2 + 12*j + 17. Let q be z(b). What is the highest common factor of 196 and q?
28
Suppose -4*o + 1156 = 2*x, -1434 = -5*o - 4*x + 7*x. What is the greatest common divisor of 216 and o?
72
Let d = 87 + -21. Let h(i) = i**3 - 6*i**2 + 6*i + 1. Let w = 38 + -33. Let x be h(w). What is the highest common factor of x and d?
6
Let p be ((-18)/(-3))/((-2)/2). Let z be (-466)/p - 8/12. What is the highest common factor of 11 and z?
11
Suppose 0 = -n + 2*c + 21, 5*c + 90 = -0*n + 5*n. Let v be 1 + (1 - (-11 + 0)). Let s = v + n. What is the greatest common divisor of 7 and s?
7
Let r be (-6)/27 + 1092/54. Let l be (8/(-4))/(2/5). Let p = l + r. What is the highest common divisor of p and 6?
3
Suppose 2*g - 3 = 21. Let a be (g/9)/((-8)/(-12) - 0). Calculate the highest common divisor of a and 22.
2
Suppose 0 = 5*y, -3*h + 1 = -2*y - 2. Let a(d) = -14*d**2 - d + 1. Let o be a(h). Let u be 1518/77 + (-4)/o. Calculate the highest common factor of u and 50.
10
Let d(h) = 11*h**2 + 144*h + 10. Let m be d(-17). What is the greatest common divisor of 26 and m?
13
Suppose -7*z - 10 = -2*z, -26 = -2*a + 4*z. Suppose 2*f - 4 - a = -k, 2*f - k = 3. Let b = 224 - 212. Calculate the greatest common divisor of b and f.
4
Suppose 4*d - d = -9. Let w be 9/6 + d/(-6). Calculate the highest common divisor of w and 14.
2
Let y be (-18)/(-4)*24/9. Suppose 5*u + 15 = -0*u + 10*u. What is the highest common factor of u and y?
3
Let w = 26 + -23. Suppose w*n + 0*o - 45 = -5*o, 4*n + 5*o = 60. Calculate the highest common factor of 30 and n.
15
Suppose -98 = -2*f - 4*v, 0 = f - 3*f + 4*v + 98. What is the greatest common factor of 49 and f?
49
Suppose 2*u - 3*k - 51 = 0, -4*k = u + 3*u - 152. Calculate the greatest common divisor of u and 11.
11
Let w be 5/2*(2 + -10). Let d be (-44)/w + 5/(-25). Calculate the highest common factor of 10 and d.
2
Suppose -o + 38 = -3*w + 6*w, -25 = -5*o. Let g(k) = -k**3 - 39*k**2 - 31*k + 277. Let r be g(-38). Calculate the greatest common factor of r and w.
11
Let m be 1*20/(-4) + 13. What is the greatest common factor of m and 46?
2
Let i be 5 + (2 + 66 - 1). What is the greatest common divisor of i and 24?
24
Let u(z) = -4*z + 41*z**2 + 0 - 4*z**2 - 2 - 3. Let s be u(-1). Calculate the greatest common factor of 54 and s.
18
Let v be (0 + 2)*(5 + 5). Let s be (0 - (-6)/(-5))/((-102)/1700). Calculate the highest common factor of v and s.
20
Let o(a) = 72*a - 80. Let n be o(6). Calculate the highest common divisor of n and 32.
32
Suppose h - 7 = 13. Suppose 5*x = -n - 6, -5*n + 2*x + x = -26. What is the highest common divisor of n and h?
4
Let o be 96/15 - (-4)/(-10). Suppose -5*d = -48 + 23. Suppose -3*g + 137 = d*l + 17, 4*l - 2*g = 96. Calculate the greatest common factor of l and o.
6
Suppose -4*r = -2*p - 212, 5*r - 6*r + 3*p + 53 = 0. Let m = r - 43. Calculate the greatest common factor of m and 110.
10
Let s = 6 + -8. Let f(o) = 3*o + 1. Let g be f(s). Let i(y) = -y**3 - 4*y**2 + y - 6. Let w be i(g). Calculate the greatest common divisor of w and 42.
14
Let t be (4/10)/(4/40). Suppose -t*a + 90 + 70 = 0. Suppose 0*y = y - 10. Calculate the greatest common factor of a and y.
10
Let s(x) = 2*